digit of 87891150?
8
What is the hundreds digit of 205006444?
4
What is the tens digit of 5886439507?
0
What is the hundred thousands digit of 91378372?
3
What is the tens digit of 580451307?
0
What is the ten thousands digit of 48415043?
1
What is the units digit of 32454625?
5
What is the tens digit of 449002396?
9
What is the thousands digit of 2049228216?
8
What is the hundred thousands digit of 1016757546?
7
What is the hundreds digit of 49905532?
5
What is the tens digit of 1471381700?
0
What is the ten millions digit of 1161918672?
6
What is the ten millions digit of 160629023?
6
What is the millions digit of 90053313?
0
What is the tens digit of 196225056?
5
What is the hundred thousands digit of 224812557?
8
What is the tens digit of 22390061?
6
What is the hundreds digit of 1725095854?
8
What is the hundred thousands digit of 92710419?
7
What is the units digit of 66295203?
3
What is the hundreds digit of 509250019?
0
What is the ten thousands digit of 6011383662?
8
What is the ten thousands digit of 191508655?
0
What is the ten millions digit of 59322237?
5
What is the ten thousands digit of 47910780?
1
What is the billions digit of 3747861985?
3
What is the thousands digit of 57760804?
0
What is the ten millions digit of 612276986?
1
What is the units digit of 170540135?
5
What is the thousands digit of 700716683?
6
What is the hundreds digit of 58188538?
5
What is the millions digit of 428035600?
8
What is the tens digit of 4684716658?
5
What is the thousands digit of 119532119?
2
What is the ten thousands digit of 34035664?
3
What is the ten millions digit of 240434334?
4
What is the hundreds digit of 142143979?
9
What is the hundreds digit of 115808751?
7
What is the tens digit of 34220378?
7
What is the hundreds digit of 67016712?
7
What is the ten thousands digit of 1325953683?
5
What is the ten thousands digit of 18291863?
9
What is the tens digit of 99468607?
0
What is the thousands digit of 26501012?
1
What is the ten thousands digit of 7908868610?
6
What is the thousands digit of 228715675?
5
What is the millions digit of 2988245001?
8
What is the units digit of 2004536916?
6
What is the ten thousands digit of 43758259?
5
What is the millions digit of 3233684522?
3
What is the tens digit of 287654570?
7
What is the units digit of 6262847187?
7
What is the tens digit of 945376294?
9
What is the hundred millions digit of 167385128?
1
What is the hundred thousands digit of 81561966?
5
What is the ten thousands digit of 312503064?
0
What is the hundred thousands digit of 105179940?
1
What is the units digit of 56942096?
6
What is the ten millions digit of 2135311857?
3
What is the ten millions digit of 5137083301?
3
What is the ten thousands digit of 1768988734?
8
What is the ten millions digit of 301905607?
0
What is the hundreds digit of 151751910?
9
What is the ten millions digit of 122117525?
2
What is the thousands digit of 1735859819?
9
What is the hundreds digit of 1778536577?
5
What is the ten millions digit of 27905755?
2
What is the thousands digit of 9284483?
4
What is the ten thousands digit of 20905920?
0
What is the units digit of 282933468?
8
What is the hundred millions digit of 500169356?
5
What is the millions digit of 3906884781?
6
What is the hundred thousands digit of 78474294?
4
What is the thousands digit of 56738486?
8
What is the ten thousands digit of 74775501?
7
What is the units digit of 60648990?
0
What is the hundred thousands digit of 2521925127?
9
What is the hundred thousands digit of 8844130?
8
What is the hundreds digit of 44165553?
5
What is the units digit of 22191747?
7
What is the ten thousands digit of 4205883078?
8
What is the hundreds digit of 48622697?
6
What is the hundreds digit of 542781425?
4
What is the units digit of 15472567?
7
What is the thousands digit of 425083987?
3
What is the hundred thousands digit of 2521947438?
9
What is the millions digit of 264570277?
4
What is the units digit of 877719983?
3
What is the units digit of 126869565?
5
What is the millions digit of 946173684?
6
What is the hundreds digit of 99509674?
6
What is the tens digit of 23539432?
3
What is the millions digit of 59152320?
9
What is the ten millions digit of 262377001?
6
What is the tens digit of 189999648?
4
What is the billions digit of 1724665651?
1
What is the thousands digit of 655933521?
3
What is the hundred thousands digit of 21396441?
3
What is the thousands digit of 675820984?
0
What is the units digit of 1593913791?
1
What is the thousands digit of 1312419?
2
What is the hundred thousands digit of 77728247?
7
What is the thousands digit of 415769873?
9
What is the ten thousands digit of 341004572?
0
What is the hundreds digit of 61266200?
2
What is the units digit of 3391283179?
9
What is the ten thousands digit of 1817775268?
7
What is the tens digit of 339790245?
4
What is the units digit of 193627409?
9
What is the hundreds digit of 272810565?
5
What is the tens digit of 5734921?
2
What is the millions digit of 5181614?
5
What is the ten thousands digit of 635802879?
0
What is the ten millions digit of 497314586?
9
What is the tens digit of 74837014?
1
What is the hundred millions digit of 1470988483?
4
What is the millions digit of 243019270?
3
What is the thousands digit of 55473665?
3
What is the units digit of 177218395?
5
What is the hundreds digit of 3198249144?
1
What is the hundred thousands digit of 7971844?
9
What is the thousands digit of 2344875343?
5
What is the millions digit of 78313514?
8
What is the millions digit of 2459072694?
9
What is the tens digit of 2952015941?
4
What is the thousands digit of 228197927?
7
What is the units digit of 8394209605?
5
What is the tens digit of 4211145?
4
What is the hundred millions digit of 401690942?
4
What is the hundred thousands digit of 449124436?
1
What is the ten millions digit of 208750628?
0
What is the units digit of 4701490336?
6
What is the units digit of 366269878?
8
What is the tens digit of 6646830248?
4
What is the ten thousands digit of 109396853?
9
What is the ten thousands digit of 199847376?
4
What is the tens digit of 32468245?
4
What is the ten millions digit of 42787488?
4
What is the tens digit of 972006094?
9
What is the tens digit of 1428599401?
0
What is the hundred thousands digit of 3668920?
6
What is the ten thousands digit of 72017625?
1
What is the millions digit of 356509237?
6
What is the units digit of 2219029024?
4
What is the thousands digit of 3822366742?
6
What is the units digit of 98772417?
7
What is the thousands digit of 962252878?
2
What is the hundred thousands digit of 643531476?
5
What is the hundred millions digit of 196798658?
1
What is the tens digit of 110258397?
9
What is the millions digit of 204288009?
4
What is the tens digit of 147064284?
8
What is the tens digit of 1263801790?
9
What is the ten thousands digit of 91581081?
8
What is the thousands digit of 35756628?
6
What is the thousands digit of 1587926030?
6
What is the millions digit of 32123634?
2
What is the thousands digit of 1594348872?
8
What is the tens digit of 1010814800?
0
What is the units digit of 4133113?
3
What is the hundred thousands digit of 6290123746?
1
What is the hundreds digit of 400930217?
2
What is the hundreds digit of 470261084?
0
What is the units digit of 110195954?
4
What is the units digit of 119638876?
6
What is the hundred thousands digit of 60542885?
5
What is the units digit of 3046089?
9
What is the tens digit of 622099562?
6
What is the hundred millions digit of 305403169?
3
What is the ten thousands digit of 50808983?
0
What is the tens digit of 467605757?
5
What is the hundred millions digit of 557990614?
5
What is the millions digit of 14501417?
4
What is the billions digit of 2767740745?
2
What is the hundred millions digit of 435596645?
4
What is the units digit of 9769544?
4
What is the millions digit of 14372217?
4
What is the millions digit of 514408176?
4
What is the millions digit of 71664570?
1
What is the tens digit of 411922591?
9
What is the hundreds digit of 84941596?
5
What is the millions digit of 6101003819?
1
What is the ten millions digit of 2141762206?
4
What is the ten thousands digit of 675909349?
0
What is the units digit of 215856660?
0
What is the hundred 